ime?
False
Is 57112478707 a composite number?
True
Is 29749868195 composite?
True
Is 4568600461 a composite number?
False
Is 33877730521 a prime number?
True
Is 204122557 a prime number?
False
Is 25428061927 composite?
True
Is 865392767 composite?
False
Is 3996073399 composite?
False
Is 51514050517 a composite number?
True
Is 16154480389 a prime number?
False
Is 15496889 prime?
True
Is 59836327 composite?
True
Is 243077692295 prime?
False
Is 38778164671 a composite number?
False
Is 1552752757 a prime number?
True
Is 200601763 prime?
True
Is 111718413591 a composite number?
True
Is 78581743 composite?
False
Is 4027000301 a composite number?
False
Is 35936296883 a prime number?
True
Is 2922067391 prime?
False
Is 4518645073 prime?
False
Is 5034194809 composite?
True
Is 182173487 composite?
False
Is 659209283 composite?
True
Is 8031270683 prime?
False
Is 4921106273 a prime number?
False
Is 2629718551 a prime number?
False
Is 571844777 prime?
False
Is 643430651 a composite number?
False
Is 84889129393 a composite number?
False
Is 177141067 composite?
True
Is 63319348549 composite?
True
Is 752616245 composite?
True
Is 41619015877 a composite number?
True
Is 21727756877 prime?
True
Is 7903258501 a prime number?
True
Is 3359551541 composite?
True
Is 769602259 a prime number?
True
Is 697515467 prime?
False
Is 15006106967 prime?
False
Is 1128109597 composite?
False
Is 3284129843 a prime number?
True
Is 219306827 a composite number?
True
Is 31282864049 prime?
False
Is 1634282539 a prime number?
False
Is 8498513 a composite number?
True
Is 18167323 prime?
False
Is 10238186481 a composite number?
True
Is 15870943169 a prime number?
False
Is 3148761017 composite?
True
Is 107438580307 prime?
True
Is 3395931403 a prime number?
True
Is 3834219971 a prime number?
False
Is 843676139 a composite number?
False
Is 3987233 a composite number?
True
Is 21845407009 composite?
True
Is 2538768859 prime?
False
Is 109335914189 composite?
True
Is 3975421501 composite?
False
Is 128965667 a composite number?
True
Is 694256735 prime?
False
Is 24723367099 prime?
True
Is 14323336403 prime?
False
Is 200193269 prime?
True
Is 324838463 a prime number?
True
Is 536114737 composite?
True
Is 1373476267 prime?
False
Is 9927918794 a prime number?
False
Is 147255883241 composite?
False
Is 1567966459 a prime number?
True
Is 143465389 a prime number?
True
Is 169424016701 composite?
True
Is 186500099 a composite number?
False
Is 2375434153 composite?
False
Is 4489105333 prime?
False
Is 62700578939 composite?
False
Is 37940062063 prime?
True
Is 61593341 a composite number?
False
Is 43496041517 composite?
True
Is 4075986281 a composite number?
True
Is 10340464403 a prime number?
True
Is 3186464909 a prime number?
False
Is 6309341251 a prime number?
False
Is 829144739 prime?
False
Is 9090917893 a prime number?
False
Is 89743528055 a prime number?
False
Is 10384000369 a prime number?
False
Is 2355781457 composite?
False
Is 478964053 prime?
True
Is 1125184819 a prime number?
False
Is 2241423127 composite?
True
Is 4252466333 a composite number?
False
Is 2586510859 a prime number?
True
Is 65790735209 composite?
False
Is 2620216819 a prime number?
False
Is 9401714291 composite?
False
Is 8254252247 composite?
False
Is 26210319193 a composite number?
False
Is 211193399591 composite?
True
Is 2693372761 prime?
True
Is 939261997 composite?
False
Is 4020950407 a prime number?
False
Is 3986666779 a composite number?
True
Is 77050006169 a prime number?
False
Is 178925597 a composite number?
False
Is 521725817 prime?
False
Is 27208784437 composite?
False
Is 3480282277 a prime number?
False
Is 5945750339 composite?
False
Is 4421663971 prime?
False
Is 3654970049 a prime number?
True
Is 18018916081 a prime number?
False
Is 1811187043 prime?
False
Is 2562270647 composite?
False
Is 10293198551 a prime number?
True
Is 18014019323 prime?
True
Is 51096919 a composite number?
False
Is 651728789 composite?
True
Is 3727253477 a composite number?
True
Is 318407455 a composite number?
True
Is 1336034551 a composite number?
False
Is 11196949591 a composite number?
True
Is 71221543 a composite number?
True
Is 1886570003 a prime number?
False
Is 22551941431 composite?
True
Is 517999789 a prime number?
False
Is 79644334877 a prime number?
True
Is 2752289021 a prime number?
True
Is 12071709487 composite?
False
Is 389571821 composite?
False
Is 5482256501 a prime number?
False
Is 411444919 a composite number?
False
Is 3268595917 composite?
False
Is 12203067677 a prime number?
False
Is 26856864977 prime?
False
Is 2690667607 a composite number?
False
Is 16104946519 composite?
False
Is 1167449173 prime?
False
Is 42309717223 a composite number?
True
Is 57091027117 composite?
False
Is 3403901561 a prime number?
False
Is 12308830291 composite?
False
Is 58707092377 a prime number?
True
Is 66856064857 prime?
False
Is 1060778261 prime?
True
Is 144300977 composite?
False
Is 1086841027 a composite number?
True
Is 2100503723 composite?
True
Is 276180383 a prime number?
False
Is 5415235957 a prime number?
False
Is 2715674411 a prime number?
True
Is 841715733 a composite number?
True
Is 7883272295 a composite number?
True
Is 1688779843 a prime number?
True
Is 2671726817 a composite number?
True
Is 2023468277 a prime number?
True
Is 915515011 a composite number?
True
Is 2865375278 prime?
False
Is 1069006723 composite?
True
Is 51726242627 a composite number?
False
Is 73754964757 prime?
False
Is 96926319851 a composite number?
False
Is 2613526067 prime?
False
Is 2056617401 prime?
False
Is 122481638771 a composite number?
False
Is 25613687261 prime?
True
Is 439870099 prime?
False
Is 80287479619 prime?
True
Is 1638897151 prime?
False
Is 147284804593 composite?
True
Is 823843871 composite?
True
Is 7206401317 a composite number?
False
Is 1923210103 prime?
True
Is 4041399745 a prime number?
False
Is 2694317242 a prime number?
False
Is 1676522527 composite?
False
Is 6900571367 a prime number?
False
Is 7995416687 composite?
False
Is 9106222729 composite?
False
Is 289484711767 composite?
False
Is 746235877 prime?
True
Is 440682349 composite?
True
Is 5490072703 prime?
True
Is 1001201863 a prime number?
False
Is 3098207563 prime?
False
Is 8497635983 composite?
False
Is 168578713 prime?
False
Is 603935791 prime?
True
Is 12862026101 composite?
False
Is 7541176457 a prime number?
True
Is 2012728831 a composite number?
True
Is 2802326783 prime?
False
Is 49078841257 composite?
True
Is 1707921623 a composite number?
False
Is 1218623917 composite?
True
Is 4453834309 a prime number?
True
Is 205602491 a prime number?
True
Is 26051735603 a composite number?
True
Is 1638295135 a prime number?
False
Is 7515493907 composite?
False
Is 10322399279 a prime number?
True
Is 6030955903 composite?
True
Is 6092391793 a composite number?
False
Is 162564329 a composite number?
True
Is 427809209 prime?
False
Is 27060761369 a prime number?
True
Is 5453142619 a composite number?
True
Is 7354084303 a composite number?
False
Is 10778068781 a prime number?
False
Is 34792661837 a prime number?
True
Is 3109699649 a composite number?
True
Is 291978251 a prime number?
True
Is 381603107 a composite number?
False
Is 4187636773 a composite number?
False
Is 1792724279 a prime number?
True
Is 508324889 a prime number?
True
Is 711545701 a composite number?
True
Is 11086969763 a prime number?
False
Is 1152016871 a composite number?
True
Is 19336826227 a composite number?
False
Is 7237556861 a prime number?
False
Is 109061383 a prime number?
False
Is 169021048067 composite?
True
Is 516393959 a prime number?
True
Is 72951526933 a composite number?
False
Is 25955932739 a composite number?
True
Is 2761769203 a prime number?
False
Is 248137711 a composite number?
True
Is 675428347 a composite number?
True
Is 15425120693 a prime number?
True
Is 7885376351 composite?
False
Is 1023654701 composite?
False
Is 1934543503 composite?
True
Is 589900033 a prime number?
True
Is 49771703521 composite?
True
Is 41327431 a composite number?
False
Is 432121111 a prime number?
False
Is 10004733697 prime?
False
Is 927271883 a composite number?
True
Is 10330367063 a prime number?
True
Is 455654473 composite?
False
Is 15801061817 a composite number?
False
Is 843466903 prime?
True
Is 440858681 a composite number?
